ppose 0 = -5*a - 4*r + 102, 0*a + 5*a - 3*r - 116 = 0. Suppose t + a = 3*t. List the prime factors of t.
11
Let j be (-46)/4 - (-21)/14. Let a = 2 - j. What are the prime factors of a?
2, 3
Let m(w) = 131*w + 1. What are the prime factors of m(1)?
2, 3, 11
Let m(a) be the second derivative of -a**5/20 + 5*a**4/12 + 3*a**3/2 - 5*a**2/2 - a. What are the prime factors of m(6)?
13
Let l = 14 + -6. Suppose 3*a + a = l. What are the prime factors of a?
2
Suppose 0 = 5*o - d + 56, -45 = 4*o - 2*d + d. Let x = o - -17. List the prime factors of ((-12)/(-5))/(x/20).
2
Let b be (1 - 4)*(0 + -7). Let y = b - 13. List the prime factors of y.
2
Suppose 167 = c - b, -c + 2*c - 4*b = 182. What are the prime factors of c?
2, 3
Suppose -38 + 8 = -3*k. What are the prime factors of k?
2, 5
Suppose -2*b + 79 = -109. What are the prime factors of b?
2, 47
Let h = -5 + 10. Let n(i) = i**3 - 5*i**2 - 3*i + 7. Let j be n(h). What are the prime factors of 1 + -2 - (j - 2)?
3
Suppose -y - 4*y + 30 = 0. Let b be y + -2 + 2 + -2. Suppose -h + 19 - b = 0. List the prime factors of h.
3, 5
Let h be 1526/42 + (-2)/6. Let w be 3*((-46)/6 - 1). Let m = w + h. What are the prime factors of m?
2, 5
Let q be 291/4 - 2/(-8). Let s = 108 - q. Suppose -s = -2*j - 3*j. List the prime factors of j.
7
Suppose 2*u + 229 = 3*b + 6*u, -5*b + 385 = 5*u. Suppose 4*z - 45 = b. What are the prime factors of z?
31
Let g(b) = -b**3 - 6*b**2 + 13*b - 8. What are the prime factors of g(-8)?
2
Suppose -2*w + 193 = -7. Suppose b = 4*h + 38, -3*b - 2*b = -2*h - w. Suppose -2*i + b = -0*i. List the prime factors of i.
3
Let l be 6 + -3*(-4)/(-6). Suppose 5 - 1 = -l*s. What are the prime factors of ((-6)/(-9))/(s/(-3))?
2
Suppose -2*c + 5*c = 129. What are the prime factors of c?
43
Suppose -b + 6*b - 172 = -4*s, s = -b + 35. List the prime factors of b.
2
Let x be -4*(-1)/2 - -2. Suppose -m = -x*m + 165. Suppose -3*r + m = -5*j, 0 = -3*r - 0*r + 4*j + 50. What are the prime factors of r?
2, 5
Suppose 0 = -5*k - b + 4*b + 12, -k + 5*b - 2 = 0. Suppose k*h - 9 = -3*v, 2*h = -h + 12. Let g = v + 12. List the prime factors of g.
11
Let f(g) = g**3 + 8*g**2 + 3*g + 3. What are the prime factors of f(-3)?
3, 13
Suppose -4*c + 10 = c. Suppose c*l = l - 13. List the prime factors of (-1)/3*-3 - l.
2, 7
Suppose -2*j - 3*u = -21 - 33, 0 = -3*j + u + 70. Suppose k + 6 = 4*k. Suppose -k*b = -0*b - j. What are the prime factors of b?
2, 3
Suppose -5 = 3*h - 17. Let t = h + 1. Let s = 2 + t. List the prime factors of s.
7
Let j be (-1 + -4)*(-4)/(-10). Let p(v) = -2*v**3 + 3*v**2 + 4*v + 3. What are the prime factors of p(j)?
23
Suppose 5*d + 7 + 4 = -y, 4*d + 4 = -2*y. Suppose y = -3*z - 5*c, 3*z - 2*c - 38 = -z. What are the prime factors of z?
7
Suppose 3*x + 2*h = -2*x + 11, 0 = x - 2*h - 7. Suppose 3*t - 33 = -y, t - 2*y + x*y - 13 = 0. List the prime factors of t.
2, 5
Let j(l) = -l**2 - 12*l - 6. What are the prime factors of j(-7)?
29
Let l = 1 - 5. Let r be ((-16)/(-20))/(l/(-10)). List the prime factors of (-2)/2*(-1 - r).
3
Suppose -6*y + 20 = -2*y. Suppose -8*x + 3*x - j = -38, 44 = y*x + 3*j. What are the prime factors of x?
7
Suppose -2*u = 3*i - 1 - 53, -3*i = 6. Suppose 4*r = -r + u. List the prime factors of r.
2, 3
Suppose -3*s + m - 2*m + 262 = 0, -5*m = -4*s + 381. List the prime factors of s.
89
Let h be (-1)/2*(-1 + 21). Let d(v) = -2*v - 7. What are the prime factors of d(h)?
13
Suppose 7*q - 2*q + 3 = -n, 39 = -3*n - 5*q. List the prime factors of (-2)/3 + (-552)/n.
2, 3, 5
Suppose -19*o - 3015 = -28*o. List the prime factors of o.
5, 67
Let l be (-5)/15 - 14/(-6). List the prime factors of l - -1*10*2.
2, 11
Let d = -6 + 8. Let l = 1 + d. Suppose -n + 6 = l*u - 7, -5*u = 5. What are the prime factors of n?
2
Let r(n) = 3*n - 3. Let o be r(-3). Let z = -18 + -4. Let j = o - z. What are the prime factors of j?
2, 5
Let h = -9 - -23. What are the prime factors of ((-6)/7)/((-1)/h)?
2, 3
Suppose -3*q + 4 = 34. List the prime factors of (-206)/(-10) - 4/q.
3, 7
Suppose 70 = o + 4*o + 5*d, 5*d = 5*o - 50. Suppose 0 = t + 5*l - o, 6*t = 2*t + 4*l + 48. What are the prime factors of t?
2, 3
Suppose -2*s = 2*s - 120. Suppose -z = -6*z + s. What are the prime factors of z?
2, 3
Suppose 5*h - 1 = a, -3*a - 5*h = -1 - 16. Let c be 4/(0 + a - 2). Suppose -c = -q - 0*q. What are the prime factors of q?
2
Suppose 0 = 2*p - 18. Let a be ((-46)/(-1))/(3 + -1). Let l = a - p. List the prime factors of l.
2, 7
Suppose 28 = 4*q - 52. Suppose -2*r - 6 + q = 0. What are the prime factors of r?
7
Let t(p) = 3*p**3 - p**2 + 4*p - 7. Suppose -25 = -3*g - 2*g. Let i(m) = 4*m**3 + 4*m - 7. Let u(a) = g*t(a) - 4*i(a). List the prime factors of u(-6).
5
Suppose 0 = -2*q - 2 - 4. What are the prime factors of (-1 + q/2)*-4?
2, 5
What are the prime factors of ((-581)/(-35))/((-2)/(-10))?
83
Let k = 89 + -52. List the prime factors of k.
37
List the prime factors of 3 - (-4)/(-2) - (-273 + -1).
5, 11
Let l(u) = 6*u - 7. Let t = -2 + 5. What are the prime factors of l(t)?
11
Suppose -135 = -5*q - 0*t + t, 2*q = -5*t + 27. Let m be -21*(-3 + q/6). Let n = 48 + m. What are the prime factors of n?
2, 5
Suppose -12 = -5*y + 3. Let v(i) = i**3 - 4*i**2 + 4*i + 1. What are the prime factors of v(y)?
2
Let p be 3/(((-21)/2)/(-7)). List the prime factors of 33 - (2/p + 2).
2, 3, 5
Suppose o = -o. Suppose -3*j = -o*j - 63. Suppose j = 2*f + 3. What are the prime factors of f?
3
Suppose 0 = 2*i - 0 - 286. List the prime factors of i.
11, 13
Suppose 2*q - 56 = 10. List the prime factors of q.
3, 11
Let d(u) = -u**2 - 2*u + 28. What are the prime factors of d(0)?
2, 7
Let d(l) = l**2 - 1. Let o(y) = -y**3 - 3*y**2 - 4*y - 4. Let f(r) = -d(r) + o(r). List the prime factors of f(-4).
13
Let n(q) = -q**2 + q + 34. Let a be n(0). Suppose x - 80 + a = 0. List the prime factors of x.
2, 23
Let n = 5 + -3. Suppose n*d + 32 = 4*d. List the prime factors of d.
2
List the prime factors of (-1 - -2)/((-4)/(-12)).
3
Let a = 0 - -5. Suppose 3*n = a*n - 20. What are the prime factors of n?
2, 5
Let o(f) = -f - 7. Let x be o(-4). Let y = x - -21. What are the prime factors of y?
2, 3
Let i(f) = 2*f**2 - 12*f + 47. What are the prime factors of i(15)?
317
Let m = -7 - -5. List the prime factors of m/(-5) - (-52)/20.
3
What are the prime factors of (-40)/3*(-18)/15?
2
Let h(j) = j**2 - 8*j + 7. Let d be h(6). List the prime factors of 156/20 + (-1)/d.
2
Suppose -8*w + 3*w = -60. Suppose -48 = -4*m + j + j, -m = j - w. What are the prime factors of m?
2, 3
Suppose -3*z + 19 = 4*r, -z - 2 = r - 7. Let u(s) = -r + 3 + 0 - s. List the prime factors of u(-4).
3
Let y be 19 + (0 - (-1)/1). Suppose -4*u + 8 + y = 0. What are the prime factors of 2 + -1 + -2 + u?
2, 3
Let y = 22 - 19. List the prime factors of y.
3
Suppose -5*s = -7 - 3. Suppose 3*w + 2*w = -3*t + 20, -s*t = -5*w + 20. Suppose -n - 3 + 1 = 0, t = 4*j + n - 18. What are the prime factors of j?
5
Suppose 30 = m + 4*m. Let y be (-2)/m + 2/6. Suppose y = -2*h + 6, 0 = -p - p - h + 15. What are the prime factors of p?
2, 3
Suppose 2*v = 4*v - 92. Let t = v + -26. List the prime factors of t.
2, 5
Suppose v - 4 = 19. What are the prime factors of v?
23
Suppose 0*a - 18 = 2*a. Let q be -1*(-3)/a*-81. Suppose 2*b = -b + q. List the prime factors of b.
3
Let w = 2 + -2. Suppose -130 = -w*h - 5*h. Suppose 3*j - j = h. List the prime factors of j.
13
Let v be 1/(-4) - 5/(-20). Suppose -3*n + v*w = 4*w - 33, 0 = -n + 3*w + 24. What are the prime factors of n?
3, 5
Suppose 6*m - m = 250. Suppose 2*n = -12 + 2, n - m = -5*x. List the prime factors of x.
11
Let p(i) = 7 + 6 + 0 + i - 3. Let t be (-3 - -2)/(-1) + -1. What are the prime factors of p(t)?
2, 5
Let w = 3 - -1. Suppose 5*f = 2*s + 50, 0 = 3*f - w*s - 18 + 2. List the prime factors of f.
2, 3
Let r(p) be the third derivative of p**6/120 - 2*p**5/15 + p**4/3 - p**3/2 + 3*p**2. List the prime factors of r(7).
2
What are the prime factors of (-752)/(-8) - (-6 - -1)?
3, 11
Let u(l) = 2*l + 2*l + 2 - 5*l. List the prime factors of u(0).
2
Let c(a) = -a**3 + 5*a**2 - a + 7. Let h be c(5). Suppose 0 = 5*y - 5*o - 40, -39 + h = -5*y + 2*o. What are the prime factors of y?
7
Suppose 5*z = 1034 + 676. List the prime factors of z.
2, 3, 19
Let s = -